s digit of (-1)/(-8) + z/(-8)?
8
Suppose -113*a + 2*b = -109*a - 1734, -b + 2157 = 5*a. What is the tens digit of a?
3
Suppose 0 = h - 2*h + 4, -4*h = 4*q - 260. Let s = q + -55. Suppose 2*u + s = -3*c + 373, 1 = -c. What is the tens digit of u?
8
Let n(t) = 467*t + 939. What is the tens digit of n(1)?
0
Suppose 143*k - 151*k = 544. What is the units digit of (-4 - -2 - k) + -7 + 6?
5
Suppose -2*x + 288 = -t, 25 = -0*x - 5*x. Let v = t + 468. What is the hundreds digit of v?
1
Let i(c) = 106*c + 5. Let j(p) = 105*p + 2. Let f(t) = -5*i(t) + 6*j(t). Suppose -5*s + 26 = -4*m, 4*s - 3*m - 8 = 6*s. What is the tens digit of f(s)?
8
Suppose 0*v - 26*v = -156. What is the hundreds digit of (464/(-28) + 2)/(v/(-42))?
1
Suppose -375*o - 2597211 = -752*o + 350*o. What is the ten thousands digit of o?
9
Let j = -297 - -308. What is the tens digit of 5231/4 + j/44?
0
Suppose 0 = -9*l + 2*l - 700. Let c be -3 + 1 - (-3 - l). Let f = 139 + c. What is the units digit of f?
0
Suppose 52 = o + 49. Suppose d = 2*v + 519 - 114, -4*d - o*v + 1609 = 0. What is the hundreds digit of d?
4
Let s(p) = p**2 + 12*p + 4. Let q be s(-12). Suppose 0*v - 12 = -q*v. Suppose 0 = -3*d - v*d + 312. What is the units digit of d?
2
Let f = 32 - 47. Let q(a) = a**2 + 9*a - 1. Let s be q(f). Let w = s - 22. What is the units digit of w?
7
Suppose -4*s = 20, 3*p - 209 = 5*s + 308. Let l = 97 + p. What is the hundreds digit of l?
2
What is the thousands digit of 33*(1001/3 + -104 + 103)?
0
Let c = -36 - -51. Let k(a) = 98*a - 203. Let f be k(3). Let w = c + f. What is the hundreds digit of w?
1
Suppose x - m - 5 = 0, 4*x - m - 8 - 6 = 0. Suppose -x*v + v + a = -150, -4*a = 3*v - 203. What is the units digit of (v/(-2))/((-15)/30)?
3
Suppose 0 = -4*d - 157*d + 1647030. What is the tens digit of d?
3
Let f(h) be the first derivative of -h**4/4 - 10*h**3/3 - 4*h**2 + 21*h - 6. Let p be f(-7). What is the units digit of ((-296)/(-40) + -9)/(4/p)?
8
Suppose 5*t - 9625 = -2*t - 0*t. What is the tens digit of t?
7
Let d = -201 + 205. Suppose d*z - 150 = -5*l, 2*z - 118 = -z - l. What is the units digit of z?
0
Let p(d) = 81*d**2 + 5*d + 7. Suppose -8*g + 5*g = -15. Let q be p(g). What is the units digit of q/33 - (-4)/6?
3
Suppose -a + 1 = 0, 3*o - 2346 = o + 4*a. Suppose 5*b - o = 275. What is the tens digit of b?
9
Let c(b) = 24*b**3 + 13*b**2 + 53*b - 440. What is the ten thousands digit of c(9)?
1
Let o(p) = -p**3 - 7*p**2 + 5. Let r be o(-7). Suppose -333 = -r*h + 1097. What is the hundreds digit of h?
2
Let w = -10177 - -16737. What is the thousands digit of w?
6
Let q = -21 + 24. Suppose -5*s + 246 - 697 = q*n, 5*n + 763 = 3*s. What is the units digit of (-28)/(-8)*n/(-4)?
3
Let x be (-1)/(-2)*(4/(-38) + (-3712)/(-608)). Let s = -3 + 5. Suppose -m = -3*i + 185, x*i - 138 = s*m + 43. What is the tens digit of i?
6
What is the hundreds digit of 282747/6 + -2 - (-2772)/616?
1
Suppose -u = 3*c - 76, u - 289 = -3*u + 3*c. Suppose o = v - 5*v - 157, -2*v + 5*o = u. Let j = -31 - v. What is the units digit of j?
8
Let z be 226 + ((-2)/4*6 - -2). What is the units digit of 105800/z - 2/9?
0
Suppose 3*w - 582466 - 486307 = 5*g, 2*w = 5*g + 712517. What is the units digit of ((-1)/(-6))/(48/w)?
7
Let n(w) = 7*w**2 - 2*w - 1. Let z(c) be the third derivative of -c**6/120 + c**5/15 - c**4/8 + c**3/2 - c**2. Let a be z(3). What is the units digit of n(a)?
6
Let v = 5370 + -1756. What is the thousands digit of v?
3
Let y(f) = -92*f + 3. Let u(w) = 2*w + 6. Let h be u(-4). Let b be y(h). Suppose 12 = 3*t, 5*c + 5*t - b = 23. What is the units digit of c?
8
Let k(d) be the first derivative of 2 + 5 + 0 - 29*d**2 + 6 + 6*d. What is the units digit of k(-2)?
2
Let o(g) = -g**3 + 6*g**2 + 4*g - 3. Suppose -2*y + w = 6*w - 2, 0 = y + 5*w + 4. Suppose -32 = -y*x + 4. What is the units digit of o(x)?
1
Let z(i) = -858*i - 1383. What is the ten thousands digit of z(-18)?
1
Suppose 0 = 3*l - t - 4013 - 2045, 10078 = 5*l + 3*t. What is the hundreds digit of l?
0
Let c be 10/(-6)*(-42)/35. Let p(y) = 8*y + 2*y**3 + 0 - c - y**3 + 6 - 8*y**2. What is the units digit of p(7)?
1
Let y(b) = b + 4. Let a be y(-4). Suppose a = 7*c - 1697 + 542. Let l = -56 + c. What is the units digit of l?
9
Suppose 2*p + 46604 = 5*q + 10446, q - 7237 = -5*p. What is the units digit of q?
2
Let k(h) = 557*h**3 - 2*h**2 + h + 2. Let l be k(1). Suppose -3*i - l = -2*m, -i + 2*i = -2*m + 550. What is the units digit of m?
6
Let i(h) = -h**2 + 4*h + 14. Let f be i(0). What is the tens digit of (-15)/35 + 8364/f + -4?
9
Let f be 25186 - 5/((-20)/16). Suppose -51*o = -29*o - f. What is the thousands digit of o?
1
What is the tens digit of 1663/3*(-39 + (-2700)/(-36))?
5
Let p = 393 - 400. What is the hundreds digit of 916/(-3)*12/28*p?
9
What is the hundreds digit of (-117914)/(-16) - (-15)/40?
3
Let i be (5 - (-624)/(-112))*(-21)/2. Suppose 0 = 2*f - i*f + 5*k + 346, -453 = -5*f - 4*k. What is the units digit of f?
9
Suppose 4*s + 2512 = f, 2*f + 12445 = 7*f + 3*s. Suppose -f = -y - 6*y. What is the units digit of y?
6
Suppose 4*j = 8*j + 2904. Let f = j - -1018. Let m = f - 126. What is the hundreds digit of m?
1
Let t(x) = 5004*x - 2849. What is the tens digit of t(6)?
7
Suppose 2522 = y + 5*i, 433*y - 437*y = -i - 9899. What is the thousands digit of y?
2
Suppose 0 = -4*k + 4*i + 1944, -2*i = 6*k - 3*k - 1473. Suppose 39 = -3*p + k. What is the tens digit of p?
5
Suppose -22*i + 5600 = -24*i. Let k be i/(-36) - 6/(-27). Suppose -v - 225 - 229 = -5*t, -3*v = t - k. What is the units digit of t?
0
Let f(r) = -29*r - 11. Let n be f(-2). Let m(u) = -8*u + 23 + 0 + n*u + 0. What is the hundreds digit of m(5)?
2
Let c = 21208 - 279. What is the hundreds digit of c?
9
Let i be -1*(-2*24 + -3). Suppose -6*z + i = -5*z. Let h = 140 - z. What is the tens digit of h?
8
Let r = -130 - -139. Suppose -4*o + r*o - 545 = 0. What is the hundreds digit of o?
1
Suppose -1936 = 73*k - 77*k. Suppose -182 + k = c. What is the hundreds digit of c?
3
Suppose 2*h = 5*t + 475, -5*t = -h - 2*h + 705. Suppose 2*l = 4*c - 0*l + 298, -3*c = 5*l + h. Let x = c + 78. What is the units digit of x?
3
Suppose 3 = 4*l + w, -4*l + 9 = -8*l + 3*w. What is the tens digit of 9 - -800 - (-8 + l)?
1
What is the hundreds digit of 9*-1 - (40/(-100) + (-518186)/10)?
8
Suppose -3 = 3*f, -2*s - s + 752 = -2*f. Let d = s - 0. What is the hundreds digit of d?
2
Let l be (-234)/(-9) - (-1)/1. Suppose -d - 4*s = -12, 6*d - 3*d + 3*s = l. Suppose 0 = d*v - 1641 + 505. What is the hundreds digit of v?
1
Let q = -2010 + 1086. Let d = -599 - q. What is the units digit of d?
5
Suppose 0 = -26*n - 26*n + 22932. Suppose 0 = 2*j + 2*m - 746, -4*j + 1043 = 2*m - n. What is the units digit of j?
9
Suppose 5*i + 42*m = 37*m - 10, 6 = -i - 3*m. Suppose -5*z = -2*c - 4265, 3*z - 3*c - c - 2545 = i. What is the hundreds digit of z?
8
Suppose -62*r + 60*r - 5*v + 19 = 0, -6 = -2*v. Suppose -2*s = -r*z - 966, -5*s - 199 = 2*z - 2642. What is the units digit of s?
7
Suppose -4 + 202 = 33*r. What is the units digit of (-28)/(-42) + 230/r?
9
Suppose 4*q - 102 = 182. Let g = q - 69. Suppose -g*i = y + 3 - 164, 5*y + 5*i - 800 = 0. What is the units digit of y?
9
Suppose -4*t - 2*y = -54, 0*t - 41 = -3*t - y. Let j(u) = -13*u + 18. Let p(q) = -q. Let n(h) = -j(h) + 4*p(h). What is the tens digit of n(t)?
0
Let k(n) = n**2 - n - 34. Let g = -203 + 193. What is the units digit of k(g)?
6
Let m be (-34251)/30 + (-6)/20. Let c = 1998 + m. What is the units digit of c?
6
What is the tens digit of (63/2)/(3/(-1 - -79))?
1
Let m(a) = -a**2 - 21*a + 73. Let k be m(-24). What is the hundreds digit of (1 + 33/(-6))/(k/(-92))?
4
Suppose -200*u = -198*u - 20. What is the hundreds digit of -746*(-35)/14*8/u?
4
Let d = -17 + 134. Suppose 2*g - d = 1057. What is the hundreds digit of g?
5
Suppose 3*k = -5*w + 121357, 8783 = 2*w + 3*k - 39758. What is the thousands digit of w?
4
What is the hundreds digit of (((-23728)/(-3))/4)/(7/(-504)*-12)?
8
Let d = -1103 + 2764. Let i = d + -898. What is the hundreds digit of i?
7
Suppose -27*k = -31*k - 8. Let s be (-72)/k*12/9. Suppose 43*r - s*r = -585. What is the tens digit of r?
1
Suppose 0*g - 39501 = -5*g + 6*c, 2*c = -5*g + 39493. What is the tens digit of g?
9
Supp